t of 790180658?
0
What is the ten millions digit of 128953766?
2
What is the millions digit of 1140382348?
0
What is the hundreds digit of 60203549?
5
What is the ten millions digit of 109189567?
0
What is the millions digit of 6762885770?
2
What is the tens digit of 92218647?
4
What is the hundred thousands digit of 76552093?
5
What is the units digit of 1478381765?
5
What is the billions digit of 2810655638?
2
What is the hundred thousands digit of 209738108?
7
What is the thousands digit of 153010294?
0
What is the millions digit of 2003321168?
3
What is the tens digit of 4412697410?
1
What is the tens digit of 57498594?
9
What is the units digit of 8710248?
8
What is the ten millions digit of 48828249?
4
What is the hundreds digit of 1515362176?
1
What is the ten millions digit of 2712539907?
1
What is the hundreds digit of 203214498?
4
What is the millions digit of 543506246?
3
What is the hundreds digit of 39318365?
3
What is the tens digit of 2959583950?
5
What is the hundred millions digit of 352205158?
3
What is the ten thousands digit of 72711800?
1
What is the hundred thousands digit of 187383469?
3
What is the hundred millions digit of 6389668488?
3
What is the hundreds digit of 155292636?
6
What is the hundred millions digit of 2269683963?
2
What is the millions digit of 78888176?
8
What is the thousands digit of 133551212?
1
What is the units digit of 409407679?
9
What is the ten thousands digit of 183236458?
3
What is the hundred thousands digit of 178706319?
7
What is the hundred millions digit of 6827120446?
8
What is the hundred thousands digit of 674088742?
0
What is the hundred thousands digit of 152837201?
8
What is the tens digit of 3013616598?
9
What is the millions digit of 427805662?
7
What is the hundred thousands digit of 552011864?
0
What is the hundreds digit of 73726988?
9
What is the hundreds digit of 48814831?
8
What is the hundred millions digit of 385499900?
3
What is the thousands digit of 764420803?
0
What is the tens digit of 292510354?
5
What is the ten thousands digit of 5674189?
7
What is the hundred millions digit of 4354150843?
3
What is the thousands digit of 242303318?
3
What is the tens digit of 544422656?
5
What is the ten thousands digit of 460807119?
0
What is the thousands digit of 2887694786?
4
What is the hundred thousands digit of 813575981?
5
What is the tens digit of 99115141?
4
What is the tens digit of 81188401?
0
What is the ten thousands digit of 75508918?
0
What is the thousands digit of 18302663?
2
What is the units digit of 1519591512?
2
What is the tens digit of 643768802?
0
What is the ten thousands digit of 63665331?
6
What is the units digit of 889076016?
6
What is the billions digit of 4605529616?
4
What is the ten thousands digit of 1813636972?
3
What is the hundreds digit of 91551985?
9
What is the hundred millions digit of 1731123146?
7
What is the tens digit of 550507797?
9
What is the tens digit of 191543612?
1
What is the tens digit of 160834063?
6
What is the millions digit of 553100617?
3
What is the ten thousands digit of 27500337?
0
What is the hundred thousands digit of 1218152988?
1
What is the thousands digit of 384395063?
5
What is the millions digit of 85495736?
5
What is the hundred millions digit of 113590053?
1
What is the thousands digit of 4113545414?
5
What is the hundred thousands digit of 1099232500?
2
What is the units digit of 315622845?
5
What is the ten thousands digit of 57214655?
1
What is the ten thousands digit of 19950407?
5
What is the hundred thousands digit of 639972746?
9
What is the ten thousands digit of 40693701?
9
What is the ten millions digit of 2432196845?
3
What is the millions digit of 908122508?
8
What is the thousands digit of 377332462?
2
What is the hundreds digit of 124209206?
2
What is the units digit of 704744977?
7
What is the thousands digit of 36441387?
1
What is the millions digit of 74185741?
4
What is the ten millions digit of 2588977499?
8
What is the ten millions digit of 139982953?
3
What is the ten millions digit of 945290202?
4
What is the ten millions digit of 89204011?
8
What is the millions digit of 398181902?
8
What is the millions digit of 829310883?
9
What is the ten thousands digit of 7485884706?
8
What is the ten millions digit of 144709265?
4
What is the units digit of 68985842?
2
What is the units digit of 348406808?
8
What is the units digit of 6847501394?
4
What is the billions digit of 1024718641?
1
What is the tens digit of 34313471?
7
What is the units digit of 110653264?
4
What is the tens digit of 64143884?
8
What is the millions digit of 254703258?
4
What is the millions digit of 3676682?
3
What is the tens digit of 17656317?
1
What is the hundred millions digit of 497508218?
4
What is the thousands digit of 222372778?
2
What is the ten thousands digit of 1652010676?
1
What is the hundred thousands digit of 2932997620?
9
What is the millions digit of 71323893?
1
What is the ten millions digit of 60013625?
6
What is the hundreds digit of 766079693?
6
What is the millions digit of 139848053?
9
What is the millions digit of 131736031?
1
What is the thousands digit of 256681698?
1
What is the tens digit of 45205507?
0
What is the ten thousands digit of 1024970765?
7
What is the ten thousands digit of 1175375056?
7
What is the hundred millions digit of 549229345?
5
What is the hundreds digit of 52321709?
7
What is the thousands digit of 419869176?
9
What is the millions digit of 31122034?
1
What is the millions digit of 58852534?
8
What is the tens digit of 115825648?
4
What is the hundred thousands digit of 68467066?
4
What is the thousands digit of 28190752?
0
What is the tens digit of 75430442?
4
What is the ten millions digit of 377856717?
7
What is the ten thousands digit of 61676406?
7
What is the tens digit of 4640659377?
7
What is the ten millions digit of 453339805?
5
What is the ten millions digit of 2000519348?
0
What is the tens digit of 23313300?
0
What is the ten thousands digit of 180761260?
6
What is the ten thousands digit of 2838683544?
8
What is the ten millions digit of 25651291?
2
What is the tens digit of 4367383521?
2
What is the tens digit of 133177394?
9
What is the ten millions digit of 625630217?
2
What is the hundred millions digit of 1340870015?
3
What is the ten thousands digit of 3037168406?
6
What is the tens digit of 29948439?
3
What is the hundred thousands digit of 638111684?
1
What is the millions digit of 322388309?
2
What is the ten thousands digit of 1293219319?
1
What is the thousands digit of 233567108?
7
What is the tens digit of 4725326?
2
What is the ten thousands digit of 19369772?
6
What is the ten thousands digit of 5085318?
8
What is the hundred thousands digit of 21086537?
0
What is the millions digit of 1709026291?
9
What is the units digit of 40215384?
4
What is the hundred thousands digit of 133093557?
0
What is the units digit of 41382042?
2
What is the thousands digit of 2219965?
9
What is the thousands digit of 5213302977?
2
What is the ten thousands digit of 1388941574?
4
What is the units digit of 734030688?
8
What is the hundreds digit of 348573277?
2
What is the ten millions digit of 15672092?
1
What is the tens digit of 277718028?
2
What is the hundreds digit of 126047320?
3
What is the thousands digit of 187641609?
1
What is the hundred millions digit of 2511924728?
5
What is the ten millions digit of 2739714921?
3
What is the millions digit of 161543202?
1
What is the thousands digit of 481925778?
5
What is the hundred thousands digit of 1127015445?
0
What is the hundred millions digit of 448483854?
4
What is the thousands digit of 496228287?
8
What is the thousands digit of 615972981?
2
What is the hundred thousands digit of 48540120?
5
What is the hundred millions digit of 3597791369?
5
What is the ten millions digit of 437696563?
3
What is the millions digit of 69985529?
9
What is the ten thousands digit of 8611102?
1
What is the millions digit of 85871731?
5
What is the thousands digit of 96592277?
2
What is the hundreds digit of 20607427?
4
What is the thousands digit of 332701556?
1
What is the tens digit of 73098158?
5
What is the ten millions digit of 24889392?
2
What is the ten millions digit of 2356861209?
5
What is the millions